factor of 744 and 1364.
124
Calculate the greatest common factor of 5066 and 2108.
34
Calculate the highest common factor of 12142 and 4203.
467
Calculate the highest common divisor of 481878 and 171.
171
What is the highest common divisor of 174914 and 3040?
38
What is the highest common divisor of 443533 and 1?
1
Calculate the highest common divisor of 3395 and 16005.
485
What is the greatest common divisor of 12 and 183588?
12
What is the highest common factor of 165 and 4191?
33
What is the highest common divisor of 24 and 181236?
12
Calculate the highest common factor of 7326 and 1606.
22
Calculate the highest common divisor of 109164 and 6204.
132
Calculate the greatest common divisor of 8740 and 185380.
460
Calculate the highest common factor of 2100 and 4470.
30
What is the greatest common factor of 10150 and 58435?
145
Calculate the greatest common factor of 1620 and 99.
9
Calculate the highest common divisor of 109 and 3681257.
109
Calculate the greatest common factor of 18148 and 21638.
698
What is the greatest common factor of 30 and 57945?
15
What is the highest common factor of 86925 and 183?
183
What is the greatest common factor of 845 and 611?
13
Calculate the greatest common factor of 518 and 15947.
37
What is the highest common divisor of 13 and 66131?
13
Calculate the greatest common factor of 36060 and 330.
30
What is the highest common factor of 28678 and 78?
26
Calculate the highest common factor of 29 and 4379.
29
What is the greatest common factor of 198 and 23012?
22
Calculate the greatest common factor of 35 and 13867.
7
What is the highest common factor of 8591 and 1349?
71
What is the highest common factor of 1084009 and 53?
53
Calculate the highest common divisor of 44 and 1123914.
22
Calculate the greatest common factor of 848 and 12528.
16
What is the highest common factor of 624778 and 264?
22
What is the highest common divisor of 110 and 115566?
22
What is the greatest common factor of 92424 and 24?
24
Calculate the highest common divisor of 306 and 585558.
18
What is the greatest common divisor of 315 and 1085?
35
What is the greatest common factor of 909 and 22119?
303
What is the greatest common divisor of 38115 and 126?
63
What is the greatest common divisor of 256 and 7776?
32
What is the greatest common divisor of 217 and 1085?
217
What is the greatest common divisor of 40430 and 25870?
130
What is the greatest common divisor of 1304 and 32763?
163
Calculate the greatest common divisor of 1016 and 3374136.
1016
What is the greatest common divisor of 3732 and 84?
12
What is the highest common factor of 217 and 7471?
31
Calculate the greatest common divisor of 327 and 684084.
327
What is the highest common factor of 12844 and 21774?
38
Calculate the highest common divisor of 2092408 and 29.
29
Calculate the greatest common divisor of 1212 and 3.
3
What is the highest common factor of 41451 and 123?
123
What is the highest common factor of 339125 and 125?
125
Calculate the greatest common factor of 25699 and 527.
31
What is the highest common factor of 75 and 9625425?
75
What is the greatest common factor of 7535 and 959?
137
What is the greatest common factor of 123 and 1179201?
123
What is the greatest common divisor of 837 and 17701?
31
Calculate the highest common factor of 230 and 92.
46
Calculate the highest common divisor of 11977 and 236.
59
What is the greatest common divisor of 783 and 37671?
87
What is the highest common factor of 44 and 72589?
11
Calculate the greatest common factor of 116688 and 2145.
429
What is the greatest common divisor of 141266 and 1328?
166
Calculate the greatest common factor of 1134 and 86373.
189
Calculate the greatest common divisor of 1161 and 13502.
43
Calculate the greatest common factor of 76675 and 275.
25
What is the greatest common factor of 322065 and 45?
45
Calculate the greatest common factor of 826 and 14.
14
What is the highest common factor of 4639434 and 3?
3
What is the highest common divisor of 912 and 11402736?
912
Calculate the highest common factor of 258 and 53578.
86
What is the greatest common factor of 1133 and 165?
11
What is the greatest common divisor of 548369 and 17?
17
What is the greatest common factor of 276 and 153318?
138
What is the greatest common factor of 544 and 195568?
272
Calculate the highest common divisor of 49981 and 662.
331
Calculate the greatest common divisor of 8750 and 1400.
350
What is the highest common factor of 16102 and 50962?
166
Calculate the highest common factor of 16587 and 97.
97
Calculate the greatest common divisor of 23 and 18400.
23
What is the highest common divisor of 100359 and 413?
413
What is the highest common divisor of 5664 and 78?
6
Calculate the greatest common divisor of 1876 and 27.
1
Calculate the greatest common divisor of 198 and 9522.
18
What is the highest common factor of 19068 and 28?
28
Calculate the greatest common divisor of 333 and 1976503.
37
Calculate the greatest common divisor of 516 and 214269.
129
What is the greatest common divisor of 5 and 472930?
5
Calculate the highest common factor of 6467626 and 22.
22
What is the highest common factor of 138920 and 1104?
184
Calculate the greatest common divisor of 21762 and 52.
26
Calculate the highest common factor of 130770 and 18.
18
What is the highest common divisor of 11439 and 9594?
369
What is the highest common divisor of 25 and 158075?
25
What is the greatest common factor of 6 and 14995?
1
What is the highest common factor of 1386279 and 666?
333
Calculate the greatest common divisor of 2560 and 708.
4
What is the greatest common divisor of 18834 and 12126?
258
Calculate the highest common divisor of 4681 and 589.
31
What is the highest common divisor of 966 and 11914?
322
What is the highest common divisor of 2436 and 2186716?
812
Calculate the greatest common divisor of 17280 and 3648.
192
Calculate the greatest common divisor of 6112 and 27122.
382
What is the greatest common divisor of 9 and 4947?
3
What is the highest common factor of 672 and 753760?
224
Calculate the greatest common divisor of 25874351 and 29.
29
What is the greatest common divisor of 4394679 and 69?
69
What is the greatest common divisor of 112 and 30768?
16
Calculate the greatest common factor of 1791944 and 1232.
616
What is the greatest common divisor of 397157 and 38?
19
What is the greatest common divisor of 1184486 and 454?
454
What is the highest common factor of 3791 and 102?
17
Calculate the greatest common divisor of 8 and 216176.
8
Calculate the greatest common factor of 100 and 760.
20
Calculate the greatest common divisor of 216735 and 30.
15
What is the greatest common factor of 80 and 307470?
10
Calculate the highest common factor of 12 and 5819244.
12
Calculate the highest common divisor of 3243 and 1311.
69
What is the highest common factor of 98829 and 18486?
711
What is the greatest common divisor of 2127840 and 660?
660
What is the highest common factor of 19060 and 100?
20
Calculate the greatest common divisor of 1425 and 300.
75
What is the highest common factor of 70 and 36260?
70
What is the greatest common factor of 4761 and 929430?
207
Calculate the highest common divisor of 9 and 52040.
1
What is the greatest common factor of 1375 and 10375?
125
What is the greatest common divisor of 10416 and 128?
16
Calculate the highest common divisor of 134424 and 144.
72
Calculate the highest common factor of 281776 and 208.
16
What is the greatest common factor of 42 and 70952?
14
What is the highest common divisor of 50 and 90640?
10
Calculate the greatest common divisor of 66 and 41074.
22
What is the greatest common divisor of 225945 and 45?
45
What is the greatest common factor of 668148 and 416?
52
What is the greatest common factor of 357 and 4893?
21
Calculate the greatest common divisor of 65 and 748735.
65
What is the greatest common divisor of 53651 and 169?
13
Calculate the highest common factor of 742 and 17234.
14
What is the greatest common factor of 38 and 52174?
38
What is the greatest common factor of 1786 and 8554?
94
Calculate the greatest common divisor of 6005 and 15.
5
Calculate the highest common divisor of 5958 and 9.
9
What is the highest common divisor of 662924 and 636?
212
What is the highest common f